186686?
37
What is the remainder when 12414507 is divided by 2371?
2322
Calculate the remainder when 119283 is divided by 2129.
59
What is the remainder when 11816397 is divided by 3434?
3
What is the remainder when 323562 is divided by 1806?
288
What is the remainder when 102600050 is divided by 54?
50
What is the remainder when 999056 is divided by 2629?
36
What is the remainder when 36735 is divided by 36622?
113
Calculate the remainder when 218126795 is divided by 25.
20
Calculate the remainder when 127053 is divided by 30577.
4745
What is the remainder when 29428 is divided by 654?
652
What is the remainder when 3271781 is divided by 338?
279
Calculate the remainder when 26270765 is divided by 824.
821
Calculate the remainder when 211423239 is divided by 61.
45
Calculate the remainder when 5835346 is divided by 448859.
179
What is the remainder when 1562951 is divided by 1500?
1451
Calculate the remainder when 19963904 is divided by 282.
278
What is the remainder when 100475 is divided by 528?
155
Calculate the remainder when 3496622 is divided by 39.
38
What is the remainder when 12032143 is divided by 2406421?
38
Calculate the remainder when 407838342 is divided by 851.
847
Calculate the remainder when 102208485 is divided by 93.
90
What is the remainder when 6993360 is divided by 90?
0
Calculate the remainder when 13339063 is divided by 15.
13
What is the remainder when 29428 is divided by 2267?
2224
Calculate the remainder when 372480 is divided by 1843.
194
Calculate the remainder when 3819223 is divided by 3196.
3
What is the remainder when 23520589 is divided by 458?
457
What is the remainder when 123739448 is divided by 139?
119
Calculate the remainder when 146180 is divided by 2193.
1442
What is the remainder when 11559913 is divided by 1095?
1093
What is the remainder when 36362943 is divided by 932383?
6
Calculate the remainder when 391782 is divided by 487.
234
Calculate the remainder when 1159908899 is divided by 1525.
1524
What is the remainder when 63344995 is divided by 3075?
3070
What is the remainder when 2005452537 is divided by 52?
49
What is the remainder when 721371 is divided by 721276?
95
What is the remainder when 7902298 is divided by 60?
58
What is the remainder when 1968194 is divided by 138?
38
What is the remainder when 3981663 is divided by 88?
15
Calculate the remainder when 201590 is divided by 9599.
11
Calculate the remainder when 43752967 is divided by 524.
15
What is the remainder when 11379249 is divided by 20?
9
Calculate the remainder when 1233638 is divided by 2653.
2646
Calculate the remainder when 8573897 is divided by 3151.
26
What is the remainder when 41432943 is divided by 14?
13
What is the remainder when 200899 is divided by 91?
62
What is the remainder when 160260 is divided by 79570?
1120
What is the remainder when 89121003 is divided by 17?
16
What is the remainder when 2575651 is divided by 1116?
1039
Calculate the remainder when 104090 is divided by 2899.
2625
Calculate the remainder when 36951820 is divided by 18475906.
8
Calculate the remainder when 56451 is divided by 187.
164
Calculate the remainder when 867832 is divided by 173549.
87
Calculate the remainder when 21874038 is divided by 10937010.
18
What is the remainder when 30906 is divided by 1292?
1190
What is the remainder when 7995 is divided by 2453?
636
What is the remainder when 112868 is divided by 1688?
1460
Calculate the remainder when 3812883 is divided by 35.
18
What is the remainder when 121892339 is divided by 34?
27
What is the remainder when 3233148 is divided by 25058?
666
Calculate the remainder when 7406867 is divided by 2468950.
17
Calculate the remainder when 4262941 is divided by 30.
1
Calculate the remainder when 458275 is divided by 114564.
19
What is the remainder when 13154623 is divided by 498?
451
Calculate the remainder when 1754846 is divided by 3574.
12
Calculate the remainder when 1406730 is divided by 87920.
10
What is the remainder when 184247 is divided by 1542?
749
Calculate the remainder when 20341675 is divided by 103.
102
What is the remainder when 395247 is divided by 6274?
6259
Calculate the remainder when 1734193 is divided by 14.
13
Calculate the remainder when 423673 is divided by 2022.
1075
Calculate the remainder when 406979 is divided by 630.
629
Calculate the remainder when 10156634 is divided by 206.
10
Calculate the remainder when 74329 is divided by 9426.
8347
What is the remainder when 37519 is divided by 926?
479
Calculate the remainder when 26123221 is divided by 14.
5
Calculate the remainder when 330006 is divided by 41243.
62
Calculate the remainder when 2125992 is divided by 531495.
12
What is the remainder when 342404 is divided by 5359?
4787
Calculate the remainder when 2776400 is divided by 103.
35
What is the remainder when 41757121 is divided by 51?
4
Calculate the remainder when 3222042 is divided by 21.
12
What is the remainder when 12061 is divided by 8365?
3696
What is the remainder when 231172 is divided by 18?
16
What is the remainder when 5036486 is divided by 5479?
1285
What is the remainder when 148069238 is divided by 2493?
2489
What is the remainder when 7713694 is divided by 3511?
27
Calculate the remainder when 2976227 is divided by 744007.
199
Calculate the remainder when 5863283 is divided by 586320.
83
What is the remainder when 90891 is divided by 38?
33
Calculate the remainder when 1089745 is divided by 3386.
2839
Calculate the remainder when 4749466 is divided by 15.
1
Calculate the remainder when 4116929 is divided by 29.
2
Calculate the remainder when 120880 is divided by 3170.
420
What is the remainder when 5857359 is divided by 976188?
231
What is the remainder when 238556 is divided by 11869?
1176
What is the remainder when 3989889 is divided by 2347?
2336
Calculate the remainder when 133813 is divided by 132407.
1406
Calculate the remainder when 2014122 is divided by 2361.
189
Calculate the remainder when 889041 is divided by 889033.
8
Calculate the remainder when 220597 is divided by 12119.
2455
What is the remainder when 2639884 is divided by 150?
34
Calculate the remainder when 3707691 is divided by 27.
24
What is the remainder when 5854520 is divided by 738?
704
What is the remainder when 249574 is divided by 124783?
8
What is the remainder when 202005 is divided by 8077?
80
What is the remainder when 15176798 is divided by 182852?
82
Calculate the remainder when 53745 is divided by 2525.
720
What is the remainder when 60446540 is divided by 1457?
1438
Calculate the remainder when 85844 is divided by 407.
374
What is the remainder when 446781 is divided by 75?
6
What is the remainder when 204554 is divided by 1217?
98
Calculate the remainder when 614311 is divided by 14286.
13
Calculate the remainder when 31109511 is divided by 27337.
5
Calculate the remainder when 29567016 is divided by 14783486.
44
What is the remainder when 51187896 is divided by 580?
576
What is the remainder when 206909 is divided by 443?
28
What is the remainder when 302205 is divided by 2412?
705
What is the remainder when 490784 is divided by 243609?
3566
Calculate the remainder when 1204304 is divided by 1204291.
13
Calculate the remainder when 2048755 is divided by 2965.
2905
Calculate the remainder when 7178810 is divided by 3124.
2982
Calculate the remainder when 2977030 is divided by 130.
30
Calculate the remainder when 566904 is divided by 237.
0
What is the remainder when 2870118 is divided by 68333?
132
Calculate the remainder when 10761578 is divided by 430463.
3
What is the remainder when 1369141 is divided by 97?
83
What is the remainder when 425761375 is divided by 3435?
3430
Calculate the remainder when 34148814 is divided by 437805.
24
Calculate the remainder when 82229981 is divided by 323740.
21
Calculate the remainder when 63842 is divided by 466.
0
Calculate the remainder when 3186998 is divided by 77.
45
What is the remainder when 37465364 is divided by 595?
594
Calculate the remainder when 16498502 is divided by 212.
26
What is the remainder when 2046387 is divided by 431?
430
Calculate the remainder when 15585 is divided by 3200.
2785
Calculate the remainder when 188123 is divided by 3120.
923
What is the remainder when 470524 is divided by 